ivative of i**8/1344 - i**6/360 + i**5/120 + 5*i**4/12 - 6*i. Let c(x) be the third derivative of w(x). Determine c(1).
4
Suppose 5*f = -5*o - 15, -24 = 2*o - 5*f - 4. Let j(v) be the second derivative of -v**4/12 - v**3 + 5*v**2/2 + v. What is j(o)?
10
Let f(u) = -u**2 + 6*u - 2. Let m be -11 + (3 - (0 + 1)). Let h(x) = 2*x + 6. Let v be h(m). Let j be ((-1)/(-2))/((-2)/v). Determine f(j).
7
Let m(s) = 0 - 4*s**2 + s**3 + 9*s**2 - 2 - s. Suppose 0*k + 5*k - 40 = 0. Let f = 3 - k. Determine m(f).
3
Suppose -11 = -3*u - 4*v, 4*u + 4*v - 7 = 9. Let d = u - 4. Let t(o) = 6*o**3 - o**2. What is t(d)?
5
Let a(s) = -2*s**2 + s - 1. Suppose 1 + 3 = f. Suppose 0 = -f*d - 12 + 96. Let c be (3 - d/6)*4. What is a(c)?
-11
Let c(d) = 6*d**2 + 2*d - 1. Let p be (-5)/35 - 8/(-7). Calculate c(p).
7
Let y(f) = f - 3*f + 4*f - 1. Let j be 2/(-15) - (-124)/30. Determine y(j).
7
Let n be -2*3/6 - -5. Let i = n + 0. Let c(t) = -t**2 + 4*t + 3. Give c(i).
3
Let t(p) = -4*p**3. Let c be 1/4 - 14/(-8). Suppose -c*k - 12 = -4*k - 5*z, 6 = 4*k + z. What is t(k)?
-4
Let x(g) = -5*g**3 + 8*g**2 - 13*g + 8. Let b(j) = j**3 + j. Let f(d) = -4*b(d) - x(d). Determine f(7).
6
Let x(h) be the third derivative of h**6/120 + h**5/15 - h**4/8 + 5*h**3/6 - h**2. Let w be (-11)/(-2) + (-3)/6. Let t = 0 - w. What is x(t)?
-5
Suppose 3*n = 16 - 4. Suppose -5*b + 14 - 4 = 0. Let a(u) = 2 + u**3 - 6*u**b + 3*u**2 - 4*u - 7. Calculate a(n).
-5
Suppose -y + 5 = -2*t + 4, y = -t + 10. Let l(n) = -n**2 + 9*n - 8. Calculate l(y).
6
Let l(p) = p**3 + 5*p**2 - 2*p - 6. Let w be l(-5). Let v(s) = -s**2 + 4. Let q(a) = 2*a**2 - 2*a - 3. Let k(i) = -2*q(i) - 3*v(i). What is k(w)?
-6
Let l = 82 + -79. Let g(j) = -2*j**3 + 3*j**2 + 4*j. What is g(l)?
-15
Let n be (-9)/(-2) + (-1)/2. Let t be 11/4 + n/16. Let m(l) = -2*l + 5*l**3 - 4*l**t - 3*l - 4*l**2. Calculate m(5).
0
Suppose -7 = -c + 4. Suppose 4*w + 2*p = -3*p + c, -2*p = w - 5. Let m(h) = -6*h**3 + h**2 - h - 1. Give m(w).
7
Let r(z) = -14*z**2 - 4*z - 2. Let n(s) = 7*s**2 + 2*s + 1. Let t(y) = -9*n(y) - 4*r(y). Give t(-1).
-6
Let l(n) be the first derivative of -n**5/60 + n**4/3 - 5*n**3/6 + n**2/2 + 3. Let u(f) be the second derivative of l(f). Determine u(5).
10
Let l(u) = 7*u**2 - u + 2. Let o(a) = -3*a**2 - 1. Let z(r) = 2*l(r) + 5*o(r). Determine z(2).
-9
Let g(y) be the first derivative of 1/2*y**2 - 4 - y. Give g(-3).
-4
Let q(i) be the third derivative of -i**4/24 + 3*i**3/2 + 2*i**2. Let r(a) = -2*a + 18. Let m(k) = -13*q(k) + 6*r(k). Calculate m(4).
-5
Suppose -8 = -2*z + 4*g, z + 5 = -5*g + 23. Let c(n) = -n**3 - 2*n**2 - 1 + 4*n - 3*n**2 - z*n. Let y = -28 - -25. Determine c(y).
-7
Let h(b) = 2*b**2 + 4*b + 2. Let n(d) = -4*d**2 - 7*d - 4. Let t(o) = 5*h(o) + 3*n(o). Let f be 102/(-30) + 2/5. What is t(f)?
-17
Let r = 4 - 0. Suppose 0 = 2*q - 8 + r. Let a(m) = -m + 1 + 2*m + q. Determine a(5).
8
Let n(o) be the second derivative of -o**4/3 + o**3/3 - o**2/2 + 6*o. Determine n(1).
-3
Let q be 18/63 - (-19)/7. Let t(v) = v**3 - v**2 - 5*v + 3. Give t(q).
6
Let p(s) = -s**2 + 7*s + 3. Let d(q) = -3*q - 27. Let m be d(-11). Calculate p(m).
9
Let l(f) = -4*f**3 - 4*f**2 + 4*f + 3. Let k(j) = j**3 - j**2 + j + 1. Let m(t) = 3*k(t) - l(t). Give m(1).
7
Let k = -10 + 7. Let z(h) = 3*h + 18*h**3 - 1 - 17*h**3 - 6*h + 2*h**2 + h. Determine z(k).
-4
Let k(t) = 6*t**2 - 4*t - 2*t**3 + 0*t**3 + t**3. Let v be 2/(-3) - 56/(-21). Suppose -3*j + 5 = -v*j. Give k(j).
5
Let v(y) be the second derivative of -y**4/12 + y**3/2 + 2*y**2 - 6*y. Suppose -d - 17 = -l - 4*l, 0 = 3*l - 12. Calculate v(d).
4
Let j(p) be the first derivative of p**3/3 + 5*p**2/2 + p + 2. Let g be -2 - 1/(1/2). What is j(g)?
-3
Suppose -5*y + c - 2 = 3, -3*y + c - 1 = 0. Let m(v) = 0*v - 2*v - 1 - 2. Calculate m(y).
1
Let l(b) = b**3 + 4*b**2 + 4*b + 2. Let w be l(-2). Let z = -6 + w. Let d(m) = -m + 5. What is d(z)?
9
Let r = 7 - 11. Suppose -5*n = -3*x - 30, x = -3*n - 3*x + 18. Let j(l) = -n*l + 5*l + 5*l + 3 + l**2. Determine j(r).
3
Let w be -2 + (4*-3)/3. Let t(s) = -5*s**2 - 3*s + 3. Let m(y) = 4*y**2 + 2*y - 3. Let d(q) = w*m(q) - 5*t(q). Let u be 2/(-3) - (-14)/(-6). Give d(u).
3
Let v(f) = -f**3 - 11*f**2 - f - 5. Let a be v(-11). Let k(n) = 4*n**2 + 2*n + a*n**2 + 1 - n**2. Give k(-1).
8
Let h = 7 - 2. Let z(a) = -a**2 + 7*a - 2. Determine z(h).
8
Let j(d) = -2*d + 4. Let c(s) = -8*s + 4. Let k(z) = z + 1. Let y(a) = -c(a) - 3*k(a). Let o(v) = -7*j(v) - 3*y(v). Suppose -2*r = -7*r. Calculate o(r).
-7
Let j(x) = 19 - 6*x**2 - 19 + 5*x**2 + 6*x. Calculate j(7).
-7
Let f(s) = -s - 4. Let j(q) = -q**2 + 2*q - 2. Let g be j(3). Let m = 9 + g. Give f(m).
-8
Suppose 2*s - 9 = a, -3*a + 5*a + s = 2. Let m(z) = 11*z**2 - z. Calculate m(a).
12
Let v(f) be the third derivative of f**4/8 + 2*f**3/3 + 18*f**2. Give v(-4).
-8
Let o = 20 + -16. Let j(d) = -2*d + 4. What is j(o)?
-4
Let l(k) = k**3 - 6*k**2 + 5*k + 6. Let t(s) = -s**2 - s. Let p be t(-1). Suppose -4*r + 2 + 18 = p. Give l(r).
6
Let g(b) = 1 - 3*b + 2 + b. Suppose 2 = 2*l - 4*l. Let q = l + 4. What is g(q)?
-3
Let g(z) be the third derivative of -z**6/120 - 7*z**5/60 - z**4/8 + 7*z**3/6 + z**2. Suppose 32 - 80 = 8*m. What is g(m)?
-11
Let c(d) = -6*d**2 - 2*d - 1. Suppose -k = 2*k + 12. Let o(u) = 5*u**2 + u. Let f(y) = k*c(y) - 5*o(y). Let m be (-16)/72 - (-38)/9. Give f(m).
0
Let s be (4/10)/((-3)/15). Let u be ((-12)/s)/(9/6). Let t(c) = -u*c + 1 + 4*c + c. Determine t(-4).
-3
Let p(b) = 5*b + 5. Let d(i) = 9*i + 10. Suppose 17 = -3*n - u, -5*n - 4*u - 16 - 3 = 0. Let y(f) = n*p(f) + 4*d(f). Determine y(-5).
0
Let y(u) = -u**3 + 6*u**2 + 6. Suppose 4*w - 51 = -3*d + 45, -5*w = -5*d - 85. Let q be 2/6*(w + -3). Calculate y(q).
6
Suppose 5*a = 30 + 25. Let n(q) = -23*q**2 - 11*q + 13. Let o(c) = 12*c**2 + 6*c - 7. Let w(m) = a*o(m) + 6*n(m). Give w(1).
-5
Let h = -21 - -22. Let r(n) = -14*n**2 + 8*n - 1. Let u(w) = -13*w**2 + 7*w - 1. Let c(t) = 5*r(t) - 6*u(t). What is c(h)?
7
Let j(h) = h**3 - 4*h**2 + 2. Let a be 4/(-1)*(2 + -3). Suppose -6*u - 12 = 2*r - u, 4*r - a*u - 32 = 0. Calculate j(r).
2
Let l(i) = i**3 - 6*i**2 + 1. Let c = 56 - 50. Calculate l(c).
1
Let s be 1 - 12*(-2)/3. Let n = s + -6. Let q(b) = 0*b - n*b + 2*b + 13. Determine q(6).
7
Let h(v) = -v - 3. Let z(g) = -g - 6. Let n be z(-3). Give h(n).
0
Let f(x) = 3*x**3 - 2*x**2 + 3*x - 4. Let r(l) = -4*l**3 + 3*l**2 - 4*l + 5. Let v(u) = -5*f(u) - 4*r(u). Determine v(3).
12
Let g(m) = m**2 - 7*m + 6. Let k be g(6). Let p(y) = -6*y + k - y**2 + 0 + 0*y + 4. Give p(-6).
4
Suppose 5*n + k - 5*k = 0, n - 2*k - 6 = 0. Let z(j) = -2*j + 5. What is z(n)?
13
Let l(h) = -h**2 + 4*h - 2. Let u(j) = -j**3 + 2*j**2 + 4*j - 1. Let o be u(3). What is l(o)?
2
Let n(c) = 2*c - 3*c - 5*c - 10 + 9. What is n(-1)?
5
Let r be (-2 - -1)*-5*-1. Let j(s) = -2 + 14*s - 6*s - 9*s. What is j(r)?
3
Let z(i) = -2*i**2 + 3*i - 2*i + i**2 + 2. Let w be (-52)/16 - 1/(-4). Calculate z(w).
-10
Let q(y) = y**3 + 6*y**2 + 5*y - 2. Let s = -3 + 3. Suppose 0 = 3*m - 5*r + 20, -m + 4*m + 2*r + 13 = s. What is q(m)?
-2
Suppose 3*w - 40 = -5*f, -2*f = 2*w + 2*w - 2. Let g = f - 14. Let n(h) = -h**3 - 5*h**2 - 3*h + 1. Calculate n(g).
-8
Suppose 0 = 3*b + 12, -4*i = b - 0*b. Let p be (-1 + 4)*(4 - 3). Let y(s) = -4*s + 3*s - p + 5 + i. Calculate y(2).
1
Let g(q) be the second derivative of q**4/12 - q**3/3 + 3*q**2/2 + 6*q. Determine g(4).
11
Let d(z) be the third derivative of z**5/60 - z**3/2 + z**2. Suppose -3*l + 3*b + 15 = -6*l, -3*b - 29 = 5*l. Let f = -10 - l. Determine d(f).
6
Let v(d) = -d**3 - 6*d**2 - 5*d + 1. Suppose -21 = 11*b + 34. Calculate v(b).
1
Let x(j) = -11*j - 3*j + 12*j - 3. Let d = -1 - 2. What is x(d)?
3
Let v(u) = 2*u + 5. Let t(i) = -i - 4. Let o(b) = 4*t(b) + 3*v(b). What is o(4)?
7
Let u(c) be the third derivative of c**4/12 + c**3/2 + 17*c**2. Determine u(-6).
-9
Let a(s) = 2*s - 3. Let w = -5 + 9. Let l be a(w). Let u(f) = -f**2 + 3*f + 7. Give u(l).
-3
Let c(s) be the third derivative of -s**4/24 + 7*s**3/6 + 2*s**2. Determine c(3).
4
Suppose 4 = -2*i + 4*i. Let a(q) = -q + 5 + i*q + 2*q. Suppose -2 = 2*d + 6. Give a(d).
-7
Let a be 1 + 1 - 0/(-14). Let o(d) be the first derivative of d**4/2 - 2*d**3/3 + 3*d**2/2 - d + 2. Calculate o(a).
13
Let u = 